{"id":13769,"date":"2023-03-30T11:37:06","date_gmt":"2023-03-30T02:37:06","guid":{"rendered":"https:\/\/demo.wpthemego.com\/themes\/sw_emarket\/layout58\/?page_id=13769"},"modified":"2024-05-03T20:33:19","modified_gmt":"2024-05-03T20:33:19","slug":"quem-somos","status":"publish","type":"page","link":"https:\/\/grpietramarmoresegranitos.com.br\/?page_id=13769","title":{"rendered":"QUEM SOMOS"},"content":{"rendered":"\t\t<div data-elementor-type=\"wp-page\" data-elementor-id=\"13769\" class=\"elementor elementor-13769\">\n\t\t\t\t\t\t<section class=\"elementor-section elementor-top-section elementor-element elementor-element-972659f elementor-section-full_width elementor-section-height-default elementor-section-height-default elementor-invisible\" data-id=\"972659f\" data-element_type=\"section\" data-settings=\"{&quot;animation&quot;:&quot;fadeInUp&quot;}\">\n\t\t\t\t\t\t<div class=\"elementor-container elementor-column-gap-default\">\n\t\t\t\t\t<div class=\"elementor-column elementor-col-100 elementor-top-column elementor-element elementor-element-d218ab1\" data-id=\"d218ab1\" data-element_type=\"column\">\n\t\t\t<div class=\"elementor-widget-wrap elementor-element-populated\">\n\t\t\t\t\t\t<div class=\"elementor-element elementor-element-9828403 elementor-widget elementor-widget-image\" data-id=\"9828403\" data-element_type=\"widget\" data-widget_type=\"image.default\">\n\t\t\t\t<div class=\"elementor-widget-container\">\n\t\t\t<style>\/*! elementor - v3.23.0 - 05-08-2024 *\/\n.elementor-widget-image{text-align:center}.elementor-widget-image a{display:inline-block}.elementor-widget-image a img[src$=\".svg\"]{width:48px}.elementor-widget-image img{vertical-align:middle;display:inline-block}<\/style>\t\t\t\t\t\t\t\t\t\t<img fetchpriority=\"high\" decoding=\"async\" width=\"1920\" height=\"640\" src=\"https:\/\/grpietramarmoresegranitos.com.br\/wp-content\/uploads\/2023\/08\/banner-about.jpg\" class=\"attachment-full size-full wp-image-16497\" alt=\"banner-about\" srcset=\"https:\/\/grpietramarmoresegranitos.com.br\/wp-content\/uploads\/2023\/08\/banner-about.jpg 1920w, https:\/\/grpietramarmoresegranitos.com.br\/wp-content\/uploads\/2023\/08\/banner-about-300x100.jpg 300w, https:\/\/grpietramarmoresegranitos.com.br\/wp-content\/uploads\/2023\/08\/banner-about-1024x341.jpg 1024w, https:\/\/grpietramarmoresegranitos.com.br\/wp-content\/uploads\/2023\/08\/banner-about-768x256.jpg 768w, https:\/\/grpietramarmoresegranitos.com.br\/wp-content\/uploads\/2023\/08\/banner-about-1536x512.jpg 1536w\" sizes=\"(max-width: 1920px) 100vw, 1920px\" title=\"banner-about\" \/>\t\t\t\t\t\t\t\t\t\t\t\t\t<\/div>\n\t\t\t\t<\/div>\n\t\t\t\t\t<\/div>\n\t\t<\/div>\n\t\t\t\t\t<\/div>\n\t\t<\/section>\n\t\t\t\t<section class=\"elementor-section elementor-top-section elementor-element elementor-element-d6a5577 elementor-section-boxed elementor-section-height-default elementor-section-height-default\" data-id=\"d6a5577\" data-element_type=\"section\">\n\t\t\t\t\t\t<div class=\"elementor-container elementor-column-gap-default\">\n\t\t\t\t\t<div class=\"elementor-column elementor-col-100 elementor-top-column elementor-element elementor-element-7da9b3e\" data-id=\"7da9b3e\" data-element_type=\"column\">\n\t\t\t<div class=\"elementor-widget-wrap elementor-element-populated\">\n\t\t\t\t\t\t<div class=\"elementor-element elementor-element-96dda96 elementor-invisible elementor-widget elementor-widget-heading\" data-id=\"96dda96\" data-element_type=\"widget\" data-settings=\"{&quot;_animation&quot;:&quot;fadeInDown&quot;}\" data-widget_type=\"heading.default\">\n\t\t\t\t<div class=\"elementor-widget-container\">\n\t\t\t<style>\/*! elementor - v3.23.0 - 05-08-2024 *\/\n.elementor-heading-title{padding:0;margin:0;line-height:1}.elementor-widget-heading .elementor-heading-title[class*=elementor-size-]>a{color:inherit;font-size:inherit;line-height:inherit}.elementor-widget-heading .elementor-heading-title.elementor-size-small{font-size:15px}.elementor-widget-heading .elementor-heading-title.elementor-size-medium{font-size:19px}.elementor-widget-heading .elementor-heading-title.elementor-size-large{font-size:29px}.elementor-widget-heading .elementor-heading-title.elementor-size-xl{font-size:39px}.elementor-widget-heading .elementor-heading-title.elementor-size-xxl{font-size:59px}<\/style><h3 class=\"elementor-heading-title elementor-size-default\">QUEM SOMOS<\/h3>\t\t<\/div>\n\t\t\t\t<\/div>\n\t\t\t\t<div class=\"elementor-element elementor-element-67bce1e elementor-invisible elementor-widget elementor-widget-heading\" data-id=\"67bce1e\" data-element_type=\"widget\" data-settings=\"{&quot;_animation&quot;:&quot;fadeInDown&quot;}\" data-widget_type=\"heading.default\">\n\t\t\t\t<div class=\"elementor-widget-container\">\n\t\t\t<div class=\"elementor-heading-title elementor-size-default\">\nA GR PIETRA \u00c9 UMA EMPRESA NO RAMO DO M\u00c1RMORE E GRANITO A QUAL TEM COM PRINCIPAL PRODUTO O CINZA ABSOLUTO ( PIETRA GRIGIA), \nESTAMOS SITUADOS NA AVENIDA  MAURO MIRANDA MADUREIRA 845, EUP\u00cdDIO VOLPINI, CACHOEIRO DE ITAPEMIRIM ES, COM UMA LINHA DE PRODUTOS DE EXCEL\u00caNCIA EM ACABAMENTOS FINOS E BELEZA. TRANSMITINDO \u00c1 NOSSOS CLIENTES SEGURAN\u00c7A NOS MAIS VARIADOS PROJETOS INTERNOS E EXTERNOS.\n<\/div>\t\t<\/div>\n\t\t\t\t<\/div>\n\t\t\t\t\t<\/div>\n\t\t<\/div>\n\t\t\t\t\t<\/div>\n\t\t<\/section>\n\t\t\t\t<section class=\"elementor-section elementor-top-section elementor-element elementor-element-6b10585 elementor-section-full_width elementor-section-height-default elementor-section-height-default elementor-invisible\" data-id=\"6b10585\" data-element_type=\"section\" data-settings=\"{&quot;animation&quot;:&quot;fadeInUp&quot;}\">\n\t\t\t\t\t\t<div class=\"elementor-container elementor-column-gap-default\">\n\t\t\t\t\t<div class=\"elementor-column elementor-col-33 elementor-top-column elementor-element elementor-element-cf8b342\" data-id=\"cf8b342\" data-element_type=\"column\">\n\t\t\t<div class=\"elementor-widget-wrap elementor-element-populated\">\n\t\t\t\t\t\t<div class=\"elementor-element elementor-element-94dd5de elementor-widget elementor-widget-image\" data-id=\"94dd5de\" data-element_type=\"widget\" data-widget_type=\"image.default\">\n\t\t\t\t<div class=\"elementor-widget-container\">\n\t\t\t\t\t\t\t\t\t\t\t\t\t<img decoding=\"async\" width=\"940\" height=\"529\" src=\"https:\/\/grpietramarmoresegranitos.com.br\/wp-content\/uploads\/2024\/05\/6-22-1024x576.png\" class=\"attachment-large size-large wp-image-16940\" alt=\"6 (22)\" srcset=\"https:\/\/grpietramarmoresegranitos.com.br\/wp-content\/uploads\/2024\/05\/6-22-1024x576.png 1024w, https:\/\/grpietramarmoresegranitos.com.br\/wp-content\/uploads\/2024\/05\/6-22-300x169.png 300w, https:\/\/grpietramarmoresegranitos.com.br\/wp-content\/uploads\/2024\/05\/6-22-768x432.png 768w, https:\/\/grpietramarmoresegranitos.com.br\/wp-content\/uploads\/2024\/05\/6-22-1536x864.png 1536w, https:\/\/grpietramarmoresegranitos.com.br\/wp-content\/uploads\/2024\/05\/6-22.png 1600w\" sizes=\"(max-width: 940px) 100vw, 940px\" title=\"6 (22)\" \/>\t\t\t\t\t\t\t\t\t\t\t\t\t<\/div>\n\t\t\t\t<\/div>\n\t\t\t\t\t<\/div>\n\t\t<\/div>\n\t\t\t\t<div class=\"elementor-column elementor-col-33 elementor-top-column elementor-element elementor-element-466bfba\" data-id=\"466bfba\" data-element_type=\"column\">\n\t\t\t<div class=\"elementor-widget-wrap elementor-element-populated\">\n\t\t\t\t\t\t<div class=\"elementor-element elementor-element-72580cf elementor-widget elementor-widget-image\" data-id=\"72580cf\" data-element_type=\"widget\" data-widget_type=\"image.default\">\n\t\t\t\t<div class=\"elementor-widget-container\">\n\t\t\t\t\t\t\t\t\t\t\t\t\t<img decoding=\"async\" width=\"940\" height=\"529\" src=\"https:\/\/grpietramarmoresegranitos.com.br\/wp-content\/uploads\/2024\/05\/2-6-1024x576.png\" class=\"attachment-large size-large wp-image-16933\" alt=\"2 (6)\" srcset=\"https:\/\/grpietramarmoresegranitos.com.br\/wp-content\/uploads\/2024\/05\/2-6-1024x576.png 1024w, https:\/\/grpietramarmoresegranitos.com.br\/wp-content\/uploads\/2024\/05\/2-6-300x169.png 300w, https:\/\/grpietramarmoresegranitos.com.br\/wp-content\/uploads\/2024\/05\/2-6-768x432.png 768w, https:\/\/grpietramarmoresegranitos.com.br\/wp-content\/uploads\/2024\/05\/2-6-1536x864.png 1536w, https:\/\/grpietramarmoresegranitos.com.br\/wp-content\/uploads\/2024\/05\/2-6.png 1600w\" sizes=\"(max-width: 940px) 100vw, 940px\" title=\"2 (6)\" \/>\t\t\t\t\t\t\t\t\t\t\t\t\t<\/div>\n\t\t\t\t<\/div>\n\t\t\t\t\t<\/div>\n\t\t<\/div>\n\t\t\t\t<div class=\"elementor-column elementor-col-33 elementor-top-column elementor-element elementor-element-55f02d6\" data-id=\"55f02d6\" data-element_type=\"column\">\n\t\t\t<div class=\"elementor-widget-wrap elementor-element-populated\">\n\t\t\t\t\t\t<div class=\"elementor-element elementor-element-d9de9bf elementor-widget elementor-widget-image\" data-id=\"d9de9bf\" data-element_type=\"widget\" data-widget_type=\"image.default\">\n\t\t\t\t<div class=\"elementor-widget-container\">\n\t\t\t\t\t\t\t\t\t\t\t\t\t<img loading=\"lazy\" decoding=\"async\" width=\"940\" height=\"529\" src=\"https:\/\/grpietramarmoresegranitos.com.br\/wp-content\/uploads\/2024\/05\/3-10-1024x576.png\" class=\"attachment-large size-large wp-image-16932\" alt=\"3 (10)\" srcset=\"https:\/\/grpietramarmoresegranitos.com.br\/wp-content\/uploads\/2024\/05\/3-10-1024x576.png 1024w, https:\/\/grpietramarmoresegranitos.com.br\/wp-content\/uploads\/2024\/05\/3-10-300x169.png 300w, https:\/\/grpietramarmoresegranitos.com.br\/wp-content\/uploads\/2024\/05\/3-10-768x432.png 768w, https:\/\/grpietramarmoresegranitos.com.br\/wp-content\/uploads\/2024\/05\/3-10-1536x864.png 1536w, https:\/\/grpietramarmoresegranitos.com.br\/wp-content\/uploads\/2024\/05\/3-10.png 1600w\" sizes=\"(max-width: 940px) 100vw, 940px\" title=\"3 (10)\" \/>\t\t\t\t\t\t\t\t\t\t\t\t\t<\/div>\n\t\t\t\t<\/div>\n\t\t\t\t\t<\/div>\n\t\t<\/div>\n\t\t\t\t\t<\/div>\n\t\t<\/section>\n\t\t\t\t<section class=\"elementor-section elementor-top-section elementor-element elementor-element-08227ce image-box-home58 elementor-hidden-desktop elementor-hidden-tablet elementor-hidden-mobile elementor-section-boxed elementor-section-height-default elementor-section-height-default elementor-invisible\" data-id=\"08227ce\" data-element_type=\"section\" data-settings=\"{&quot;animation&quot;:&quot;fadeInUp&quot;}\">\n\t\t\t\t\t\t<div class=\"elementor-container elementor-column-gap-default\">\n\t\t\t\t\t<div class=\"elementor-column elementor-col-25 elementor-top-column elementor-element elementor-element-d65c6d5\" data-id=\"d65c6d5\" data-element_type=\"column\">\n\t\t\t<div class=\"elementor-widget-wrap elementor-element-populated\">\n\t\t\t\t\t\t<div class=\"elementor-element elementor-element-deaf180 elementor-position-top elementor-widget elementor-widget-image-box\" data-id=\"deaf180\" data-element_type=\"widget\" data-widget_type=\"image-box.default\">\n\t\t\t\t<div class=\"elementor-widget-container\">\n\t\t\t<style>\/*! elementor - v3.23.0 - 05-08-2024 *\/\n.elementor-widget-image-box .elementor-image-box-content{width:100%}@media (min-width:768px){.elementor-widget-image-box.elementor-position-left .elementor-image-box-wrapper,.elementor-widget-image-box.elementor-position-right .elementor-image-box-wrapper{display:flex}.elementor-widget-image-box.elementor-position-right .elementor-image-box-wrapper{text-align:end;flex-direction:row-reverse}.elementor-widget-image-box.elementor-position-left .elementor-image-box-wrapper{text-align:start;flex-direction:row}.elementor-widget-image-box.elementor-position-top .elementor-image-box-img{margin:auto}.elementor-widget-image-box.elementor-vertical-align-top .elementor-image-box-wrapper{align-items:flex-start}.elementor-widget-image-box.elementor-vertical-align-middle .elementor-image-box-wrapper{align-items:center}.elementor-widget-image-box.elementor-vertical-align-bottom .elementor-image-box-wrapper{align-items:flex-end}}@media (max-width:767px){.elementor-widget-image-box .elementor-image-box-img{margin-left:auto!important;margin-right:auto!important;margin-bottom:15px}}.elementor-widget-image-box .elementor-image-box-img{display:inline-block}.elementor-widget-image-box .elementor-image-box-title a{color:inherit}.elementor-widget-image-box .elementor-image-box-wrapper{text-align:center}.elementor-widget-image-box .elementor-image-box-description{margin:0}<\/style><div class=\"elementor-image-box-wrapper\"><figure class=\"elementor-image-box-img\"><img loading=\"lazy\" decoding=\"async\" width=\"40\" height=\"40\" src=\"https:\/\/grpietramarmoresegranitos.com.br\/wp-content\/uploads\/2023\/08\/icon-1.png\" class=\"attachment-full size-full wp-image-16139\" alt=\"icon-1\" title=\"icon-1\" \/><\/figure><div class=\"elementor-image-box-content\"><h3 class=\"elementor-image-box-title\">Free Shipping<\/h3><p class=\"elementor-image-box-description\">Sed ut perspiciatis unde omnis iste natus\nerror sit voluptatem accusantium<\/p><\/div><\/div>\t\t<\/div>\n\t\t\t\t<\/div>\n\t\t\t\t\t<\/div>\n\t\t<\/div>\n\t\t\t\t<div class=\"elementor-column elementor-col-25 elementor-top-column elementor-element elementor-element-616e24d\" data-id=\"616e24d\" data-element_type=\"column\">\n\t\t\t<div class=\"elementor-widget-wrap elementor-element-populated\">\n\t\t\t\t\t\t<div class=\"elementor-element elementor-element-979f9e5 elementor-position-top elementor-widget elementor-widget-image-box\" data-id=\"979f9e5\" data-element_type=\"widget\" data-widget_type=\"image-box.default\">\n\t\t\t\t<div class=\"elementor-widget-container\">\n\t\t\t<div class=\"elementor-image-box-wrapper\"><figure class=\"elementor-image-box-img\"><img loading=\"lazy\" decoding=\"async\" width=\"40\" height=\"40\" src=\"https:\/\/grpietramarmoresegranitos.com.br\/wp-content\/uploads\/2023\/08\/icon-2.png\" class=\"attachment-full size-full wp-image-16140\" alt=\"icon-2\" title=\"icon-2\" \/><\/figure><div class=\"elementor-image-box-content\"><h3 class=\"elementor-image-box-title\">30 Days Money Back<\/h3><p class=\"elementor-image-box-description\">Sed ut perspiciatis unde omnis iste natus\nerror sit voluptatem accusantium<\/p><\/div><\/div>\t\t<\/div>\n\t\t\t\t<\/div>\n\t\t\t\t\t<\/div>\n\t\t<\/div>\n\t\t\t\t<div class=\"elementor-column elementor-col-25 elementor-top-column elementor-element elementor-element-3068d8d\" data-id=\"3068d8d\" data-element_type=\"column\">\n\t\t\t<div class=\"elementor-widget-wrap elementor-element-populated\">\n\t\t\t\t\t\t<div class=\"elementor-element elementor-element-b31c8e2 elementor-position-top elementor-widget elementor-widget-image-box\" data-id=\"b31c8e2\" data-element_type=\"widget\" data-widget_type=\"image-box.default\">\n\t\t\t\t<div class=\"elementor-widget-container\">\n\t\t\t<div class=\"elementor-image-box-wrapper\"><figure class=\"elementor-image-box-img\"><img loading=\"lazy\" decoding=\"async\" width=\"40\" height=\"40\" src=\"https:\/\/grpietramarmoresegranitos.com.br\/wp-content\/uploads\/2023\/08\/icon-3.png\" class=\"attachment-full size-full wp-image-16141\" alt=\"icon-3\" title=\"icon-3\" \/><\/figure><div class=\"elementor-image-box-content\"><h3 class=\"elementor-image-box-title\">24\/7 Help Center<\/h3><p class=\"elementor-image-box-description\">Sed ut perspiciatis unde omnis iste natus\nerror sit voluptatem accusantium<\/p><\/div><\/div>\t\t<\/div>\n\t\t\t\t<\/div>\n\t\t\t\t\t<\/div>\n\t\t<\/div>\n\t\t\t\t<div class=\"elementor-column elementor-col-25 elementor-top-column elementor-element elementor-element-7fda69f\" data-id=\"7fda69f\" data-element_type=\"column\">\n\t\t\t<div class=\"elementor-widget-wrap elementor-element-populated\">\n\t\t\t\t\t\t<div class=\"elementor-element elementor-element-92fa14b elementor-position-top elementor-widget elementor-widget-image-box\" data-id=\"92fa14b\" data-element_type=\"widget\" data-widget_type=\"image-box.default\">\n\t\t\t\t<div class=\"elementor-widget-container\">\n\t\t\t<div class=\"elementor-image-box-wrapper\"><figure class=\"elementor-image-box-img\"><img loading=\"lazy\" decoding=\"async\" width=\"40\" height=\"40\" src=\"https:\/\/grpietramarmoresegranitos.com.br\/wp-content\/uploads\/2023\/08\/icon-4.png\" class=\"attachment-full size-full wp-image-16142\" alt=\"icon-4\" title=\"icon-4\" \/><\/figure><div class=\"elementor-image-box-content\"><h3 class=\"elementor-image-box-title\">Gift Promotion<\/h3><p class=\"elementor-image-box-description\">Sed ut perspiciatis unde omnis iste natus\nerror sit voluptatem accusantium<\/p><\/div><\/div>\t\t<\/div>\n\t\t\t\t<\/div>\n\t\t\t\t\t<\/div>\n\t\t<\/div>\n\t\t\t\t\t<\/div>\n\t\t<\/section>\n\t\t\t\t<\/div>\n\t\t","protected":false},"excerpt":{"rendered":"<p>QUEM SOMOS A GR PIETRA \u00c9 UMA EMPRESA NO RAMO DO M\u00c1RMORE E GRANITO A QUAL TEM COM PRINCIPAL PRODUTO O CINZA ABSOLUTO ( PIETRA GRIGIA), ESTAMOS SITUADOS NA AVENIDA MAURO MIRANDA MADUREIRA 845, EUP\u00cdDIO VOLPINI, CACHOEIRO DE ITAPEMIRIM ES, &hellip; <a href=\"https:\/\/grpietramarmoresegranitos.com.br\/?page_id=13769\">Readmore<\/a><\/p>\n","protected":false},"author":2,"featured_media":0,"parent":0,"menu_order":0,"comment_status":"closed","ping_status":"closed","template":"","meta":{"footnotes":""},"class_list":["post-13769","page","type-page","status-publish","hentry"],"acf":[],"_links":{"self":[{"href":"https:\/\/grpietramarmoresegranitos.com.br\/index.php?rest_route=\/wp\/v2\/pages\/13769","targetHints":{"allow":["GET"]}}],"collection":[{"href":"https:\/\/grpietramarmoresegranitos.com.br\/index.php?rest_route=\/wp\/v2\/pages"}],"about":[{"href":"https:\/\/grpietramarmoresegranitos.com.br\/index.php?rest_route=\/wp\/v2\/types\/page"}],"author":[{"embeddable":true,"href":"https:\/\/grpietramarmoresegranitos.com.br\/index.php?rest_route=\/wp\/v2\/users\/2"}],"replies":[{"embeddable":true,"href":"https:\/\/grpietramarmoresegranitos.com.br\/index.php?rest_route=%2Fwp%2Fv2%2Fcomments&post=13769"}],"version-history":[{"count":8,"href":"https:\/\/grpietramarmoresegranitos.com.br\/index.php?rest_route=\/wp\/v2\/pages\/13769\/revisions"}],"predecessor-version":[{"id":16944,"href":"https:\/\/grpietramarmoresegranitos.com.br\/index.php?rest_route=\/wp\/v2\/pages\/13769\/revisions\/16944"}],"wp:attachment":[{"href":"https:\/\/grpietramarmoresegranitos.com.br\/index.php?rest_route=%2Fwp%2Fv2%2Fmedia&parent=13769"}],"curies":[{"name":"wp","href":"https:\/\/api.w.org\/{rel}","templated":true}]}}